{"id":374,"date":"2022-10-27T12:00:06","date_gmt":"2022-10-27T10:00:06","guid":{"rendered":"https:\/\/www.zedis-hamburg.de\/?page_id=374"},"modified":"2022-10-27T12:01:03","modified_gmt":"2022-10-27T10:01:03","slug":"ringvorlesung-behinderung-ohne-behinderte-perspektiven-der-disability-studies","status":"publish","type":"page","link":"https:\/\/www.zedis-hamburg.de\/index.php\/veranstaltungen\/studium\/sommersemester-2018\/ringvorlesung-behinderung-ohne-behinderte-perspektiven-der-disability-studies\/","title":{"rendered":"Ringvorlesung &#8222;Behinderung ohne Behinderte!? Perspektiven der Disability Studies&#8220;"},"content":{"rendered":"\n<p>Mittwoch, 16.00-18.00 Uhr<br>Universit\u00e4t Hamburg, Edmund-Siemers-Allee 1, Ostfl\u00fcgel Raum 221<\/p>\n\n\n\n<p>Disability Studies (DS) sind ein interdisziplin\u00e4rer wissenschaftlicher Ansatz, der aus der politischen Behindertenbewegung im angels\u00e4chsischen Sprachraum hervorgegangen ist. Richtungweisend f\u00fcr DS ist das sogenannte soziale Modell von Behinderung, das davon ausgeht, dass Behinderung ausschlie\u00dflich gesellschaftlich verursacht wird und dass in allen menschlichen Lebensbereichen behindernde Barrieren auftreten, die von Behinderung betroffenen Menschen die gleichberechtigte Teilhabe am Leben erschweren. Dar\u00fcber hinaus ist f\u00fcr DS die Sichtweise selbstbetroffener Menschen ma\u00dfgeblich. Die allen Studierenden wie Interessierten offen stehende Ringvorlesung bietet einen Zugang zu unterschiedlichen Themen, die f\u00fcr DS bedeutsam sind.<\/p>\n\n\n\n<p>Die   Ringvorlesung findet in Zusammenarbeit mit <a href=\"http:\/\/www.umdenken-boell.de\/de\" target=\"_blank\" rel=\"noopener\"><em>umdenken<\/em> Heinrich-B\u00f6ll-Stiftung Hamburg e.V.<\/a> statt und steht allen Interessierten in- und au\u00dferhalb der        Universit\u00e4t Hamburg offen. Die R\u00e4umlichkeiten sind      rollstuhl-zug\u00e4nglich.  Alle Vortr\u00e4ge werden von Schriftmittler*innen      gedolmetscht.<\/p>\n\n\n\n<p>04.04.<strong><br>Inklusion und Intersektionalit\u00e4t als menschenrechtlicher Anspruch an &#8222;Eine Hochschule f\u00fcr Alle&#8220;<\/strong><br>Lars Bruhn &amp; J\u00fcrgen Homann, Wissenschaftliche Mitarbeiter im ZeDiSplus, Ev. Hochschule f\u00fcr Soziale Arbeit &amp; Diakonie. Stiftung das Rauhe Haus, Hamburg<\/p>\n\n\n\n<p>11.04. <strong><br>Pilot Inklusion: Barrierefreiheit und Inklusion im Museum am Beispiel eines Projekts zwischen dem Verein Blinde und Kunst und der Bundeskunsthalle Bonn<\/strong><br>Dr. Siegfried Saerberg, Soziologe, Autor, freier K\u00fcnstler, Wiehl<\/p>\n\n\n\n<p>18.04.<strong><br>Normalisierung, Vermeidung und\/oder Inklusion? Behinderung als M\u00f6glichkeitsraum an der Universit\u00e4t<\/strong><br>Dr. Heike Raab, genderkompetenzzentrum, Berlin<\/p>\n\n\n\n<p>25.04.<strong><br>Konzeptionelle \u00dcberlegungen zur Verletzlichkeit des K\u00f6rpers<\/strong><br>Prof. Dr. Marianne Hirschberg, Hochschule Bremen<\/p>\n\n\n\n<p>02.05.<strong><br>Von der Barmherzigkeit zum Empowerment?! Zur theologischen Entwicklung ethischer Kriterien der Inklusion<\/strong><br>PD Dr. Frank Martin Brunn, Wissenschaftlicher Gesch\u00e4ftsf\u00fchrer, Arbeitsstelle Kirche und Gemeinwesen, Universit\u00e4t Hamburg<\/p>\n\n\n\n<p>09.05.<strong><br>Disability Studies &#8211; Kritische Perspektiven f\u00fcr die Arbeit am Sozialen<\/strong><br>Prof. Dr. Kerstin Rathgeb, Diplom P\u00e4dagogin, Soziologin, Evangelische Hochschule Darmstadt<\/p>\n\n\n\n<p>16.05.<br><strong>Was ist problematisch an Intersektionalit\u00e4t?<\/strong><br>Dr. Michael Zander, Vertretungsprofessur &#8222;System der Rehabilitation&#8220; im Fach Rehabilitationspsychologie, Hochschule Magdeburg-Stendal<\/p>\n\n\n\n<p>30.05.<strong><br>Disability Studies und interkulturelle Theologie &#8211; \u00dcbereinander oder Miteinander in der christlichen Entwicklungshilfe?<\/strong><br>Dr. Eberhard Werner und Samuel Gro\u00df, Forschungsstiftung Kultur und Religion, Institut f\u00fcr evangelische Missiologie\/ Netzwerk Disability Studies, Gie\u00dfen<\/p>\n\n\n\n<p>13.06.<strong><br>Selbstf\u00fcrsorge, ver_R\u00fcckte Zust\u00e4nde und Psychiatriebetroffenheit im Kontext gegenw\u00e4rtiger neoliberaler gesellschaftlicher Verh\u00e4ltnisse<\/strong><br>Franziska Hille, Soziologin, promoviert an der Universit\u00e4t Innsbruck<strong><br>Hinweis: <\/strong>Kooperationsveranstaltung in der Ringvorlesung &#8222;Jenseits der Geschlechtergrenzen&#8220;, 19.00-21.00 Uhr, Raum 0079, Von-Melle-Park 5<\/p>\n\n\n\n<p>20.06.<strong><br>Von der Kr\u00fcppelbewegung bis zu den Disability Studies &#8211; ein historischer Streifzug<\/strong><br>Prof. Dr. Heike Ehrig, Fachgebiet Behindertenp\u00e4dagogik\/Disability Studies, Hochschule D\u00fcsseldorf<\/p>\n\n\n\n<p>27.06.<strong><br>Verflechtungen von Rassismus und Ableism und deren Bedeutung f\u00fcr die bildungspolitische Praxis<\/strong><br>Judy Gummich, Prozessbegleiterin, systemische Coach und Trainerin mit Fokus Menschenrechte, Inklusion und Diversity, Berlin<\/p>\n\n\n\n<p>04.07. <br><strong><span style=\"color: #000000; font-family: arial, helvetica, sans-serif; font-size: 13.3333px; font-style: normal; font-variant-caps: normal; letter-spacing: normal; text-align: start; text-indent: 0px; text-transform: none; white-space: normal; word-spacing: 0px; background-color: #ffffff; display: inline !important; float: none;\">&#8222;Der behinderte Gott.&#8220; Zu Nancy L. Eieslands Befreiungstheologie der Behinderung<\/span><\/strong><br>Prof. Dr. Dr. Werner Sch\u00fc\u00dfler, Lehrstuhl f\u00fcr Philosophie II, Theologische Fakult\u00e4t Trier<\/p>\n\n\n\n<p>11.07. <strong><br>Sexualit\u00e4t und beHinderung &#8211; sexuelle Selbstbestimmung in Theorie und Alltag<\/strong><br>Lukas Fischer, Studierender Evangelische Hochschule f\u00fcr Soziale Arbeit und Diakonie Hamburg<\/p>\n\n\n","protected":false},"excerpt":{"rendered":"<p>Mittwoch, 16.00-18.00 UhrUniversit\u00e4t Hamburg, Edmund-Siemers-Allee 1, Ostfl\u00fcgel Raum 221 Disability Studies (DS) sind ein interdisziplin\u00e4rer wissenschaftlicher Ansatz, der aus der politischen Behindertenbewegung im angels\u00e4chsischen Sprachraum&#8230;<\/p>\n<div class=\"more-link-wrapper\"><a class=\"more-link\" href=\"https:\/\/www.zedis-hamburg.de\/index.php\/veranstaltungen\/studium\/sommersemester-2018\/ringvorlesung-behinderung-ohne-behinderte-perspektiven-der-disability-studies\/\">Weiterlesen<span class=\"screen-reader-text\">Ringvorlesung &#8222;Behinderung ohne Behinderte!? Perspektiven der Disability Studies&#8220;<\/span><\/a><\/div>\n","protected":false},"author":1,"featured_media":0,"parent":251,"menu_order":10,"comment_status":"closed","ping_status":"closed","template":"templates\/full-width.php","meta":{"inline_featured_image":false,"iawp_total_views":31,"footnotes":""},"class_list":["post-374","page","type-page","status-publish","hentry","entry"],"_links":{"self":[{"href":"https:\/\/www.zedis-hamburg.de\/index.php\/wp-json\/wp\/v2\/pages\/374","targetHints":{"allow":["GET"]}}],"collection":[{"href":"https:\/\/www.zedis-hamburg.de\/index.php\/wp-json\/wp\/v2\/pages"}],"about":[{"href":"https:\/\/www.zedis-hamburg.de\/index.php\/wp-json\/wp\/v2\/types\/page"}],"author":[{"embeddable":true,"href":"https:\/\/www.zedis-hamburg.de\/index.php\/wp-json\/wp\/v2\/users\/1"}],"replies":[{"embeddable":true,"href":"https:\/\/www.zedis-hamburg.de\/index.php\/wp-json\/wp\/v2\/comments?post=374"}],"version-history":[{"count":2,"href":"https:\/\/www.zedis-hamburg.de\/index.php\/wp-json\/wp\/v2\/pages\/374\/revisions"}],"predecessor-version":[{"id":377,"href":"https:\/\/www.zedis-hamburg.de\/index.php\/wp-json\/wp\/v2\/pages\/374\/revisions\/377"}],"up":[{"embeddable":true,"href":"https:\/\/www.zedis-hamburg.de\/index.php\/wp-json\/wp\/v2\/pages\/251"}],"wp:attachment":[{"href":"https:\/\/www.zedis-hamburg.de\/index.php\/wp-json\/wp\/v2\/media?parent=374"}],"curies":[{"name":"wp","href":"https:\/\/api.w.org\/{rel}","templated":true}]}}